0 + -6
101
Evaluate 13 - (21 - -162) - (-133 + 106).
-143
What is the value of -29 - 10 - -18 - -33?
12
-58 + (-32 + -3 + -1 - (-73 - -55))
-76
What is 45 + (-134 - (-38 + (40 - 41)))?
-50
(-67 - -7) + (-25 - -10) + 26
-49
(0 - -3) + (-46 - -29) + (50 - -30)
66
What is the value of 4 + (-20 - 0 - 33) + -36?
-85
Calculate 3 + 4 + 13 + -38 - -8 - -22.
12
(6424 - 6553) + (142 - 2)
11
Evaluate (-1 - 86) + 1 + (-19582 - -19548).
-120
What is -4 + -4 + 1 + 6 - (20 - 40 - 12)?
31
Evaluate -28 - ((8 - 15 - -22) + -1).
-42
-66 - (3 + 34 - 96)
-7
78 + 20 + -66 - (20 + 33)
-21
(42 - (-9 + -7 - (13 + -24))) + 11
58
132 + 118 + -194 - (-1 + -20)
77
What is the value of 4 - (-20 + -2) - 104 - (-6 - 11)?
-61
What is the value of -103 + (50 - (-70 + 59))?
-42
Evaluate 27 - (36 - (24 + -16 + 21)).
20
Calculate -24 + (-4 - (-9 - 17) - 9).
-11
Calculate -85 + -12 + (36 + -60 - -2).
-119
What is 144 + -47 + -7 - 49?
41
Evaluate -226 - -212 - (-22 + 1).
7
What is the value of -3 + 0 - (57 + -1 - (-5 - -8) - -6)?
-62
Calculate (-13 - (-42 - (7 + -31))) + (4 - 24).
-15
(-24 - -32 - -6) + (18 - (10 - 12))
34
Evaluate 50 + 6 + 2 + 29 + -47.
40
Calculate -2 + -5 - (-19 - -24 - 14) - 69 - -4.
-63
Calculate -63 + 46 - (1 - 4) - ((-28 - 68) + -14).
96
Calculate -39 + (-46 + 17 - (7 + -3)).
-72
-18 + -176 + 86 + 116
8
Calculate -6 - -14 - (-93 - 1 - (-651 + 638)).
89
What is the value of -7 - (-54 + 51) - -72?
68
Calculate (26 - 64 - -60) + 11.
33
(120 - 63 - -45) + -131
-29
(-316 - -144 - -116) + -5 + 3 + 3 + -3
-58
What is the value of 3 - (150 - 48) - -237?
138
What is the value of (24 - 0) + (-11 + (9 - -4) + 10 - 12)?
24
Evaluate -12 + 14 + -2 + (14 - 4) + -4.
6
What is 70 + (-12 - ((-126 - -139) + -16 + -1))?
62
16 - (-3 - -69 - 53)
3
Calculate -9 + 48 - (36 + 0) - -4.
7
Calculate -16271 - -16307 - (-42 + -1).
79
What is the value of -11 - (-9 + 0 + (-9 - ((-20 - -8) + -3)))?
-8
What is (482 + -477 - (-2 - -1)) + -42?
-36
What is -38 + (39 + -43 - -148) - (-1 - -16)?
91
What is the value of 7 - -1 - (40 + 15)?
-47
Evaluate 107 + (-34 - -43) + -16 - -36.
136
Calculate -10 - -24 - ((5 - -16) + (1 - 6 - -15)).
-17
Calculate 72 + -52 + 28 + -5.
43
-2 + -11 + -23 + 2 + -1 + 15
-20
Calculate (11 - 38 - -24) + -10 + -9.
-22
What is the value of -7 + 0 + 1 - ((3 + 19 - -3) + 0)?
-31
What is the value of 28 - (15 + (27 - 27) + 5)?
8
What is the value of -94 - (2 + 25 + -37 + 1 + 9) - -9?
-85
Evaluate 13 + (-13 + -11 - 17) - -60.
32
What is the value of (4 - 21) + 23 - -6 - -20?
32
Evaluate -7 + (0 - -4) + 0 + 14 - (21 + -62).
52
What is 0 + (12 - (3 - (7 + 2 + 2)))?
20
Calculate 16 + -125 + 49 + 42.
-18
What is the value of (-3 - -29) + -71 + 29 - -55?
39
Calculate -30 - ((25 + -36 - -13) + -1).
-31
What is -11 + 4 - (2 + -10) - (89 - 120)?
32
Evaluate (-2 - 0 - 30) + -431 + 425.
-38
-5 + (-9 + 4 - -2) + 2 + 319 + -402
-89
Evaluate 60 + -4 + (41 - (8 - 4)).
93
What is the value of -4 + -1 + 7 + -6 - (-2 + 37)?
-39
Calculate ((-4 - (-3 - 0)) + -49 - 8) + (7 - 4).
-55
Evaluate -36 + (-92 - -58) + (-7 - -46).
-31
Calculate 60 + (-36 - (50 + -41)).
15
What is (1 - (-1 - 11) - (225 - 484 - -262)) + -11?
-1
What is the value of 3 + 1 + (11 - ((-20 - -10) + -2))?
27
Evaluate 0 + (6 + -1 - (-14 - -15)) + -222 + 218.
0
Calculate -2 - (-1 - (2 - (-1 + 13 + (-65 - -64)))).
-10
Calculate 4 + (34 - 54) + 25 + (-51 - -2).
-40
8 + (21 + -10 + -22 - (4 + -4))
-3
(-21 - (34 - -101)) + 95
-61
Calculate (-1 - 1) + -70 + 58 + 12 + -6.
-8
What is (94 - 65) + 4 + -2 + 0 + -5 + 6?
32
Evaluate -11 - (100 + (-37 + 13 - 9)).
-78
What is the value of 84 + (13 - (19 + 15)) + (15 - 5 - -4)?
77
(-9 - -27) + (-38 - -48)
28
What is the value of -6 - ((27 - -32) + -42)?
-23
What is -153 + 19 - -123 - (37 - 4)?
-44
What is the value of 0 + -4 - ((2 - 52) + 82 + (0 - -1))?
-37
Evaluate -1440 + 1574 - (63 - 2).
73
Calculate (-7 - (-4 - -7)) + 34 + 9 + 5.
38
What is the value of -32 - (1 - (55 - -5)) - 6?
21
What is -2 + (-6 - 0 - 18)?
-26
Evaluate -54 + 3 - -42 - ((2 - -87) + -1 + 1).
-98
Calculate (-20 + 7 - -23) + 2 + -13.
-1
What is the value of 10 + -10 - 50 - ((-15 - -15 - -1) + -10)?
-41
Calculate 148 + -13 + -91 + -15.
29
What is (20 - -9) + (0 + -6 - (549 - 562))?
36
What is the value of -34 + -24 + (55 - 34)?
-37
What is -98 - -123 - (6 - 3) - 65?
-43
What is the value of 13 + (-38 - -17) + (-3 + 2 - 5) - -121?
107
Calculate (49 - (34 - 4)) + (-8 - 2) + (3 - -44).
56
283 - 339 - ((5 - 16 - (-9 - -3)) + -1)
-50
Calculate 23 + 43 + (7 + -43 - -7).
37
1 - 4 - (-21 + (-9 - -29) + -4)
2
Evaluate 21 + (269 - 253 - (6 - (-3 - -4))).
32
What is the value of 9 + -1 - (1910 + -1853)?
-49
Evaluate 41 + (16 - -4) + -33 + 18.
46
Evaluate (77 - (-50 - -136)) + (1 - -14).
6
What is the value of 0 + (51 - (63 + -40))?
28
What is the value of (-35 - (21 - 89)) + -10 + -17?
6
Calculate -63 + (60 + -60 - (-6 + 5 + -6)).
-56
Calculate 10 + -19 + -6 + 9 + -18.
-24
Evaluate -6 + 33 + -37 + -10 - 27.
-47
What is the value of -1 + -11 - (-4 + 5 + -45 - -49)?
-17
Calculate (-16 - 0) + (135 - (133 + -12)).
-2
What is the value of -1 + 10 + (-1 - 4) + 8 + -63?
-51
Calculate 5 + (1 - (0 - -3)) + 2 - (74 + 29).
-98
Calculate -52 + -31 + 4 + 48.
-31
What is the value of (61 - 2 - (-7 - (8 - 15))) + (-26 - -22)?
55
(-10 - -4) + (7 - (-13 + 17 + -22))
19
-5 - (-5 - 6) - (-27 + (0 - 0))
33
Evaluate (-10 - (0 + 1 - (26 + -27))) + -12.
-24
What is the value of -11 + 8 + -20 + 5 + 64 + (2 - 7)?
41
What is the value of -10 - (99 + -176 + 126)?
-59
What is the value of 31 - (5 - (-19 - -43 - 7))?
43
-1075 + 1082 - ((2 - 0) + 8 - -3)
-6
Evaluate -25 - (-66 - -14) - (-24 + 5).
46
Evaluate (3 - 0) + (-32 - 80) + 107 - (-40 + -3).
41
Calculate 69 + (-3 - 14) - 8.
44
Evaluate 32 + (-4 - -4) - (-832 - -803).
61
What is the value of 1 - (-95 + -1 + 71)?
26
Calculate -2 - ((6 - 4) + -10) - (54 + -3).
-45
Evaluate -13 + (46 - 37 - (4 + -1 - 1)) + 53.
47
What is the value of -28 + 63 - 184 - (-43 + 13)?
-119
-42 + 85 + 29 + -41
31
What is the value of (4 - -5) + 5 - 5 - (-105 - -197)?
-83
What is the value of 7 + (-19 - 76 - -14) + 10 + -23?
-87
Calculate 49 - (8 - (-3 + 17)) - (-1 - (5 - 2)).
59
Calculate 6 - 10 - (59 - 85 - 107).
129
Calculate -131 + (-77 - -146) + 113.
51
12 - (-6 - -6) - (12 - 6 - -40)
-34
Evaluate (7 + -2 - (-13 + 122 + -1 - 0)) + 7.
-96
Calculate -7 + 13 - (1 + 0) - (9 - -40).
-44
What is the value of 10 - -3 - ((19 - -2) + -39 + 46)?
-15
2 - (22 - (20 + -44 - -13))
-31
What is the value of -16 + (-7 - 7) + 31 - (-4 - -4)?
1
Evaluate 12 + 40 + -81 + 30.
1
What is the value of (211 - 197) + (21 + -20 - 34)?
-19
Calculate -5 - 3 - (-33 - -23) - 35.
-33
What is the value of -15 + (-18 - (0 + -8) - (3 + 3 + -13))?
-18
Calculate -9 - (6 + 18 + -7 + 15 + -5).
-36
What is the value of -71 - (-186 - -31) - 147?
-63
What is -26 - (-28 + 7 + 1) - (11 - 0)?
-17
What is the value of -2 - ((2 - (14 + 9 + -1 + -17)) + 58)?
-57
Calculate 3 + 38 + -18 + -14 + -45.
-36
What is the value of 16 + -30 + -18 - -100?
68
Evaluate (1 - 19) + 16 + -35 + -15.
-52
Calculate 1 + -75 - (-127 - -95 - -46).
-88
What is the value of 16 - (-1063 - -1159 - (2 + -2 - -10))?
-70
Evaluate -17 + -7 + -7 + 14 - 2.
-19
Evaluate 24 - (-23 + (-5 - (-11 - 1))).
40
Calculate -23 + 11 + 24 + 2.
14
What is the value of -19 - -13 - 1 - -20 - 21?
-8
Evaluate (-11 - (-7 + 1)) + -2 + 7 + 79.
79
(6563 - 6564) + (-2 - -59) + 1
57
Calculate 210 + -226 - (3 + 85) - -24.
-80
What is -21 - 0 - (-2 - (105 - 39))?
47
Calculate 561 + -544 - (-2 + 3 + 12).
4
Calculate 24 - (0 - (9 + -8 - 6 - 7)).
12
(8 - 0) + ((19 - 53) + 57 - (80 + 2))
-51
-4 - (-1 - ((0 - (0 + 2)) + -12))
-17
What is -27 - ((9 - (12 + -13)) + 1)?
-38
Evaluate -1 - 9 - (-317 + 319).
-12
(-61 - -104) + (-5 - 8)
30
What is -5 - (5 - (2 + -6)) - (76 + 52 - -7)?
-149
What is the value of (-2 - 40) + -100 + (208 - 123)?
-57
(-122 - -134) + 52 + -42 + (1 - 43)
-20
Calculate 37 + (-33 - (2 - 12) - -34).
48
Evaluate (1 - (24 + -10)) + 6 + -3.
-10
4 - (-102 - (-221 + 14))
-101
Evaluate -1 + 3 - (10 - -11 - 4).
-15
(74 - 85) + 5 + 9 + 39 + -4 + 2
40
Evaluate -1 + -29 - ((-10 - -62) + -41).
-41
What is the value of (22 - 100) + 112 + -114 + (2 - -23)?
-55
Calculate (-31 - -4 - -74) + -32 + 55.
70
(-4 + -41 - 1) + -3 + (-402